Let o(m) = 5*m - 6. Let f be (-1)/((9/(-21))/(-3)). Let d(k) = f*p(k) - 3*o(k). What is d(3)?
-6
Let a be ((-5)/15)/((-2)/12). Let k(i) = -2*i**2 - 92 + 92 + 2*i. What is k(a)?
-4
Let z(t) = 3 + 10*t + 10*t - 19*t. Calculate z(-3).
0
Let c be (1 + -1)/((-12)/3). Let g(t) = -t + 1 - 1 + c. What is g(5)?
-5
Let m(q) be the third derivative of -q**4/12 + q**3/3 - q**2. Suppose 11 = -d - 5*k, -2 = -3*d - 5*k + 5. Suppose 4*h - 1 + d = 0. Determine m(h).
6
Let x(s) = -10*s + 4*s**2 - 5*s - s**2 - 9. Let z(i) = -3 + 2*i**2 - 3 + 1 - 8*i. Let h(l) = 3*x(l) - 5*z(l). Give h(-3).
4
Let z(l) = -l**2 - 17. Suppose 0 = 3*g - 4*g. Determine z(g).
-17
Let i be (-4)/(-12)*(-5)/(5/3). Let u(c) = -6*c**3 - c**2 - c. Determine u(i).
6
Let p(o) = o**2 + 5*o - 2. Let r be p(-4). Let m(q) = 4*q**2 + q + q**3 + 3*q + q + 3*q**2. Give m(r).
6
Let q(j) = -7*j**2 + 10*j + 13. Let y(a) = 3*a**2 - 5*a - 6. Let i(z) = 4*q(z) + 9*y(z). Give i(-4).
2
Let g(t) = -4*t + 28. Let p be g(8). Let z(r) = 2*r + 6. Calculate z(p).
-2
Let c(v) = -5*v - 1. Let n = 62 - 61. What is c(n)?
-6
Suppose 5*v + 0*z - z = 14, 4*z - 10 = -2*v. Let g(s) = -2*s**3 + s**2 + 4*s - 7. Let q(k) = -k**3 + 3*k - 6. Let a(f) = 2*g(f) - 3*q(f). Give a(v).
-8
Let m(c) be the second derivative of c**3/3 + 3*c**2 - 34*c. Determine m(-7).
-8
Let c(y) be the first derivative of -y**4/2 + y**3/3 + y**2/2 + 5. Give c(-1).
2
Let q(t) = 14*t + 1. Let z(s) = 26*s + 2. Let n(i) = -11*q(i) + 6*z(i). Suppose 2*b + 14 = -2*c - 0*c, 27 = -4*b - 3*c. Determine n(b).
-11
Let z(n) be the second derivative of n + 0 - 13/2*n**2 + 1/6*n**3. Suppose -t + 18 = 4*t - 3*m, -2 = t - 2*m. Calculate z(t).
-7
Suppose -6*b = -2*b + 12. Let l(a) = a**3 + 3*a**2 + 3*a - 2. Calculate l(b).
-11
Suppose 5*n - n = 12. Let q(w) be the third derivative of -w**5/120 + w**4/6 - w**3/6 + w**2. Let p(t) be the first derivative of q(t). What is p(n)?
1
Let a(u) be the third derivative of u**5/120 - u**4/12 + u**3 + 5*u**2. Let t(m) be the first derivative of a(m). Calculate t(2).
0
Suppose 0 = -7*t + 9*t. Suppose t = 2*c + 5 - 13. Let r(b) = b**2 - 2*b - 5. What is r(c)?
3
Let q(f) = -2*f - 7. Let m be q(-6). Let s = m + -4. Let r(k) = -k**2 + k. Let x(z) = 3*z**2 + 4*z. Let l(w) = 5*r(w) - x(w). Determine l(s).
-7
Let x(t) = 7 + 2*t**2 + 0*t**2 - 2*t - 3*t**2 + 0*t**2. Suppose -5*j + 9*j + 20 = 0. Calculate x(j).
-8
Let z(g) = 3 - 5*g + 4*g**3 - 5*g**3 - 7*g**2 + 0. Suppose -6*f + 6 = -7*f. Determine z(f).
-3
Suppose -3 + 0 = -3*r. Let u(k) = -k - 2*k - r + k + 0*k. Calculate u(3).
-7
Let l(r) be the third derivative of -1/60*r**5 + 0 - 1/3*r**3 + 0*r + 7/24*r**4 - r**2. Determine l(4).
10
Let u(p) be the second derivative of p**7/2520 + p**6/360 - p**4/4 + 3*p. Let r(o) be the third derivative of u(o). Let y be ((-20)/25)/(4/10). Calculate r(y).
0
Let k(s) be the second derivative of 0*s**4 + 2*s - 1/2*s**2 + 0 - 1/20*s**5 - 1/6*s**3. What is k(0)?
-1
Let n be (-3 + 4)*0/1. Let h(g) = 6*g**2 + n - 9 + 0*g**2 - g**3 + 6. Calculate h(6).
-3
Let w(u) = -5 - 2 - 3*u - 4*u + u**2 + 2*u. Determine w(6).
-1
Let b(p) = 13*p**2 + 11*p + 17. Let y(a) = 3*a**2 + 3*a + 4. Let r(s) = 2*b(s) - 9*y(s). Determine r(-3).
4
Suppose 3*j - 3*p - 18 = 0, 0 = -4*p - 0*p - 12. Let s(k) = -k + 1. Calculate s(j).
-2
Suppose -t = 2*s - 55, -t + 60 = 2*s + t. Suppose -5*a + h + 2*h = s, -h + 1 = 2*a. Let n(g) = -2*g**3 + 3*g + 1. Determine n(a).
11
Let h(n) be the second derivative of n**4/12 + 5*n**3/6 + 3*n**2/2 - 24*n. Determine h(-6).
9
Suppose 0 = -11*l + 16 - 38. Let y(d) = d**3 + 4*d**2 + 2*d - 2. Determine y(l).
2
Suppose 5*d + 0*q + 3*q = 32, -3*d - 5*q + 32 = 0. Suppose t - 10 = -d*t. Let s(o) = 0*o + t + 2*o + 7. Calculate s(-6).
-3
Suppose 0 = 6*j - 3*j. Let t(d) = d**3 + d**2 - 6. Give t(j).
-6
Let o(r) = r**3 - 7*r**2 + 8*r - 7. Suppose b = 3*j - 0*b - 15, 5*j - 4*b - 18 = 0. Determine o(j).
5
Let d be 5/15 + 69/9. Let j(k) = 2*k - k**2 - 10*k + k + 10*k + d. Determine j(6).
-10
Let h(t) = t**2 + t + 1. Let p be h(-1). Let b be (-40)/5*3/(-1). Let w(x) = 15*x - b*x - 2 + 16*x + 3. Give w(p).
8
Let p = 163 + -154. Let b(g) = g**2 - 10*g + 6. Determine b(p).
-3
Let f(h) be the first derivative of h**2 + 3*h + 31. Calculate f(-5).
-7
Suppose 6*m + 4*s + 16 = 4*m, m + 20 = -5*s. Let a(w) = 7 + w - 4 + w**2 - 2. Determine a(m).
1
Let y(o) = o - 7. Let k = -23 + 27. Give y(k).
-3
Let z(v) be the second derivative of -v**4/12 + v**3 - 9*v**2/2 - 2*v - 18. Give z(7).
-16
Let g(d) = -4*d**2 + 1. Let t be 1*-1*0/(-11). Suppose 2*o - m = 8, 4*o - m - 12 = -t*m. Suppose -o*r = 3*r - 5. Give g(r).
-3
Let i(s) = s**2 + 4*s**2 - 3*s**2 + 1 - 2*s. Let q be (4/((-8)/(-6)))/1. Suppose 0 = -r - 2 + q. Determine i(r).
1
Let k be 9*(2 - (-15)/(-9)). Suppose -m - 10 = k*s, -5*m + 9 + 1 = 0. Let a be (s/6)/(4/(-6)). Let o(l) = 2*l + 1. Give o(a).
3
Let j(c) = -c + 9. Let h be j(8). Let y = h - 0. Let o(f) = -7*f**2 - 3*f - 2. Let b(m) = -m**2 - m - 1. Let l(n) = 2*b(n) - o(n). Calculate l(y).
6
Suppose 0 = -h - 1 - 2. Let w = h - -3. Let c(f) = f**2 + f. Let b(o) = o**3 - 5*o**2 - 6*o - 3. Let t(j) = b(j) + 6*c(j). What is t(w)?
-3
Let d be 2*1/(-3 - -2). Let t = -15 - -12. Let o be (t/3)/1 + d. Let c(v) = -3*v - 1. What is c(o)?
8
Let r(u) be the third derivative of u**6/120 + u**5/20 + u**4/12 + u**3/2 - 4*u**2. Let s = 0 + -2. What is r(s)?
3
Let c(j) = -10*j - 1 + 0 + 14*j - 9*j. What is c(-4)?
19
Let x(a) = 2*a - 10. Let g(k) = -k + 5. Let y = 6 + -13. Let i(h) = y*g(h) - 4*x(h). Give i(6).
-1
Suppose 4*x - 12 = g - 5*g, 0 = -5*x. Let p(t) be the first derivative of 2 + 1/4*t**4 + 4/3*t**g - 3/2*t**2 + 3*t. Calculate p(-5).
-7
Let n be (8/10)/(19/95). Let r = -14 + 9. Let s(d) = d. Let o(u) = 2*u. Let a(j) = r*s(j) + 3*o(j). Give a(n).
4
Let o(k) be the first derivative of k**4/4 - 5*k**3/3 - 2*k**2 - 8*k - 13. What is o(6)?
4
Let q be 5/(-20) - (-13)/4. Let z(i) be the third derivative of 0*i + 1/6*i**q + 1/24*i**4 - i**2 + 0. What is z(-3)?
-2
Let q = -3 + 2. Let j = 0 - q. Let y(c) be the third derivative of -c**6/24 + c**5/30 - c**4/24 + 2*c**2. What is y(j)?
-4
Let o(c) = c**3 + c**2 - 3*c + 3. Let w(n) = -n + n - n**2 - 1. Let u(l) = o(l) - 3*w(l). Let p = -5 - 0. Give u(p).
-4
Let w(b) be the second derivative of 2/15*b**5 - 2*b - 1/6*b**3 - b**2 + 0*b**4 + 0. Let i(l) be the first derivative of w(l). Give i(1).
7
Let g(b) = -4*b**2 + b. Let w(q) be the second derivative of q**2 - 1/12*q**4 - 1/3*q**3 - 2*q + 0. Let x be w(-3). Calculate g(x).
-5
Let m(d) = -d - 3. Let p = -11 - -9. Let h be 4/((0 - -2)/p). What is m(h)?
1
Let j(i) = 3*i**2 - 2*i**2 - i - 2 + 0*i**2. Calculate j(-2).
4
Suppose 5*f = 11 + 44. Suppose 0 = -0*a - 5*a - 4*s - f, 4*a - 4*s + 16 = 0. Let y(m) = m**3 + 2*m**2 - 4*m - 2. Determine y(a).
1
Let p(b) = 4*b**2 + 9*b + 2. Let g(z) = 5*z**2 + 10*z + 1. Let r(u) = -5*g(u) + 6*p(u). Let f be -3*1*(-10)/(-6). Let t = f - -10. Determine r(t).
2
Let n(j) = 30*j + 0 + 2 + 3 - 27*j. Determine n(-4).
-7
Let q(h) = 8*h**2 + h - 1. Suppose 5*s + 2 = 7*s. What is q(s)?
8
Let z(n) = 2 - 4 + n**2 + 7 + 9*n. Determine z(-9).
5
Let q(g) be the second derivative of g**3/3 + 3*g**2/2 + 2*g. Suppose -5*r = 5*a - 5 - 0, 2*a + 7 = -5*r. Give q(r).
-3
Let g(h) be the second derivative of -h**5/20 - h**4/2 - h**3 - 2*h. Let p(j) = 8*j - 69. Let c be p(8). Give g(c).
5
Let v be 1*4 + (-1 - 1). Let q(f) = 0*f**2 + 3*f**v + 7 - 4*f**2. Suppose -3*d = -5*d + 5*p - 10, 3*d + 2*p = 4. Give q(d).
7
Let h(w) be the first derivative of -w**3/6 + 7*w**2 - 4*w + 1. Let x(f) be the first derivative of h(f). Calculate x(6).
8
Let x(f) = -2*f + f - 6 + 1. Let d(s) = s + 6. Let a(w) = -5*d(w) - 6*x(w). What is a(-1)?
-1
Let w(t) = t**3 + 2 - 6 + 1. Calculate w(0).
-3
Suppose -5*h = -q + 17, -3*q - 2*h - 4 = -2*q. Let w(g) = -q + 1 + g**2 + 2*g + 0. Let f = -5 - -1. Determine w(f).
7
Let a = -18 - -16. Let n(l) = l**3 + 2*l**2 + 2*l + 3. What is n(a)?
-1
Let a be (-6)/33 + 2/11. Suppose a = -2*f + 4*f - 8. Let c(y) = -f*y + 2*y - 4*y + 5*y + 1. What is c(-4)?
5
Let b(y) = y - 3. Let k(f) = -f - 17. Let x be k(-8). Let g be 18/x*1*-2. Suppose 4*l = -0*l - 2*u + 10, -8 = l + g*u. Calculate b(l).
1
Let u(x) be the third derivative of x**5/60 - 5*x**4/24 - x**3/2 + 19*x**2. Calculate